 prime factors of m?
5, 43
Let n = 5408 - 2046. What are the prime factors of n?
2, 41
Let f = 19 - 11. Let o be -3*16/24 + -4 + 2. What are the prime factors of (5/(-2))/(o/f)?
5
Let l = -1746 - -2948. List the prime factors of l.
2, 601
Let s(t) be the second derivative of 5*t**4/6 - t**3/6 - t**2 + 3*t. List the prime factors of s(-2).
2, 5
Suppose 12 = -2*w + 6*w. Suppose -5*x + n = -15, x - 35 = -4*x - w*n. Suppose -2*c + 0*c = -4*p - 66, -120 = -4*c - x*p. What are the prime factors of c?
31
Suppose -138*n + 137*n + 787 = 0. List the prime factors of n.
787
Suppose -5*i + u = -u - 16, u = i - 5. Suppose i*s + 5*r = 19, s - 7 + 1 = r. What are the prime factors of s?
7
Let i be (-10)/4*6/5. Let x be 14 + (-4)/((-3)/i). Suppose 2*u = -0*u + x. What are the prime factors of u?
5
Let c(z) be the third derivative of z**5/30 + 11*z**4/24 - z**3/6 - 5*z**2. Let y be c(-12). Suppose 2*b - 7*b + y = 0. What are the prime factors of b?
31
Let b = -2301 - -2636. What are the prime factors of b?
5, 67
Suppose n - 2*n + 1 = 0. Let f be n/3 - (-66)/18. Suppose 0 = -f*g + j + 48, 2*g + j + j = 34. List the prime factors of g.
13
Let o be -3*(0 - (-8)/(-6)). Suppose -3*n + 154 = -4*v, -3*n + 3*v + 53 = -2*n. Suppose -o*c + 3*g = g - 46, 5*c = -5*g + n. What are the prime factors of c?
11
List the prime factors of (-8 + (-420)/(-25))*90.
2, 3, 11
Suppose t + 2 = 2*s + 1, 2*s - 3*t = -1. Let l be -1*820/(-4)*s. Suppose w = 6*w - l. List the prime factors of w.
41
Suppose g + 5*q = 12, 7*q - 4*q = 4*g - 48. Suppose -4*z - 4 - 8 = 2*l, g = -4*l - 2*z. List the prime factors of 1/(l*2/(-76)).
19
Let p(v) = -v**2 - 21*v - 1. Let f = -54 + 45. List the prime factors of p(f).
107
Let t(w) = 4*w**3 + w**2 - 3*w + 702. List the prime factors of t(0).
2, 3, 13
Let p be 5/(-10)*-29*-2. List the prime factors of (1 + -2)*-2 - p.
31
Let p be -8*(-3)/2 - 1. Suppose -3*n + 0*n = 2*c - 101, -n + 5*c = -p. What are the prime factors of n?
31
What are the prime factors of 2/(-4) - 4611/12*-2?
2, 3
Suppose 3*v = 4*n, -2*n - 2*v + 4 = -6*n. Let g(p) = -52*p + 9. What are the prime factors of g(n)?
3, 5, 11
Let c(t) be the second derivative of -5*t**3/3 - 7*t**2 - 7*t. Let l be c(-6). Let r = l + 14. List the prime factors of r.
2, 3, 5
List the prime factors of ((-24)/14)/(36/(-13734)).
2, 3, 109
Let q(a) = 12*a + 40. Let m be q(10). Suppose -344 - m = -4*r. List the prime factors of r.
2, 3, 7
Let w(f) = f**2 - 3*f - 16. Let r be w(6). Suppose r*i = -64 + 346. List the prime factors of i.
3, 47
Let q(z) = 14*z - 9. Let j(o) = -o. Let t be j(-3). Let a be q(t). Suppose -6*s = -3*s - a. List the prime factors of s.
11
Let p(c) = -c**2 - 24*c - 33. Let a = -71 - -56. List the prime factors of p(a).
2, 3, 17
Suppose -55 - 49 = -5*s + v, 2*s = -5*v + 20. Suppose s = -w - 5*c, -w - 3*w = c + 61. Let l = w - -32. List the prime factors of l.
17
Let p = -95 + 97. Suppose -p*a = -33 - 55. What are the prime factors of a?
2, 11
Suppose -2961 + 645 = -4*o. Suppose 3*y = -4*r + o, -4*r + 0*y = 2*y - 574. What are the prime factors of r?
3, 47
Let z(c) = c**2 - 9*c + 3. Suppose -4*r + 5*x + 65 = -9*r, -3*r = -2*x + 54. Let m = 27 + r. List the prime factors of z(m).
5
Let y be (72/(-10))/((-1)/5). Suppose 0*p - y = -p. Suppose p = i + i. What are the prime factors of i?
2, 3
Suppose -2*u + 3*a = -0*u + 7, 2*u + 2*a + 2 = 0. What are the prime factors of 110/(-33)*69/u?
5, 23
Let o(t) = -15*t**3 - t**2 - 3*t + 3. Suppose -5 = -3*n + 5*a - 26, 9 = -3*n + a. List the prime factors of o(n).
5
What are the prime factors of 10/(-15)*-291 + -5?
3, 7
Let c(j) = -j**2 - 90*j - 3. List the prime factors of c(-10).
797
Let w(x) = -x - 5. Let h be w(0). Let m = 7 + h. List the prime factors of 40 - 0*m/6.
2, 5
Let f(u) = -27*u - 5. What are the prime factors of f(-2)?
7
Let f(z) = 19*z - 1. Let t be f(6). Suppose 5 = -4*b + t. List the prime factors of b.
3
Let i be (4 - 4)/(-2 + 0 - 2). Suppose -7*y + 6*y + 17 = i. What are the prime factors of y?
17
Let q(u) = -2*u**2 - 2*u - 12. Let i be q(-4). List the prime factors of 2/(-9) - 4580/i.
127
Suppose -d = -2*d - 4. What are the prime factors of d/(-8) - (-254)/4?
2
Suppose 22*x - 75465 + 20047 = 0. What are the prime factors of x?
11, 229
Suppose -4*d = -d - 15. Suppose h - 2*z = 118, h - 29 - 86 = d*z. Suppose 2*r - h = -2*r. What are the prime factors of r?
2, 3, 5
Let d(b) = 30*b**2 + 4*b - 3. Let q be d(2). Let f = -6 + q. What are the prime factors of f?
7, 17
Let t = -79 - -202. Let h be 3*((-4)/3)/(-2). Suppose h*f - t = -f. What are the prime factors of f?
41
Let b = -31 + 36. Let t = b + -1. Suppose 4*f - 37 = -3*a + 14, 2*f = -t*a + 28. List the prime factors of f.
2, 3
Let d(q) = 15*q + 4. Let y be d(1). Let k be 4/12*(-4 + y). Suppose -235 = -4*s - k*p - 0*p, -5*p = -5*s + 260. List the prime factors of s.
5, 11
Let l(i) = -i**3 + 4*i**2 + 7*i**2 - 11*i**2 - 13 - 8*i. What are the prime factors of l(-5)?
2, 19
Let p(i) = -8*i**2 + 8*i - 2. Let n be p(4). Let x = -57 - n. What are the prime factors of x?
41
Let n be ((-12)/5)/(22/14685). List the prime factors of (-4)/(-18) + n/(-81).
2, 5
Let b = -1032 - -1219. List the prime factors of b.
11, 17
Let s(m) = m**2 + m - 1. Let w(t) = -4*t**2 + 9*t + 54. Let v(p) = 6*s(p) + w(p). What are the prime factors of v(-11)?
5
What are the prime factors of (-2 + -2)*2/8*-31?
31
Let v = 14 - 14. Suppose v*h + 97 = h. List the prime factors of h.
97
Let q(w) = w**2 - 2*w + 2. Let g be q(3). Suppose -g*t + 1697 = 567. What are the prime factors of (-2)/(t/57 - 4)?
3, 19
Let c = -4 - -4. Suppose c = 4*w - 5*w + 4. Suppose -16 - 26 = -4*o - 2*y, w*y - 20 = 0. List the prime factors of o.
2
Let v = 13 - -8. Suppose -4*n + 2*d + v = 3*d, n - 4*d = -16. Suppose -w - 5*r = 1, 21 = n*w - 5*r - 0. List the prime factors of w.
2
Let b = -74 - -82. Let z(m) = 20*m - 19. List the prime factors of z(b).
3, 47
Let o = -20 + 30. Let c be 15*(12/o)/(-3). List the prime factors of ((-9)/c)/1*14.
3, 7
Let x = 20 + 91. What are the prime factors of x?
3, 37
Suppose 0*t = -3*t - 3*h + 21, -3*h + 5 = -5*t. Suppose 4*p + t*g - 364 = 0, -12 = -p - 2*g + 73. List the prime factors of p.
3, 31
Suppose -3*o + 3006 = 4*t, 3*t - 2580 = -2*o - 326. List the prime factors of t.
2, 3, 5
Let y(c) = -8*c + 12. Let d be y(-13). Let v = -60 + d. Suppose v = 4*n - 20. What are the prime factors of n?
19
Let x(f) = f**2 - 3*f - 3. Let l be x(4). Let g(k) = -4 + 3 + 4*k + l. What are the prime factors of g(6)?
2, 3
Suppose -294 = 17*x - 14*x. List the prime factors of x*(-1 - 1/(-2)).
7
Suppose -3*s - 4*k + 7*k = -27, 3*s + k - 31 = 0. Suppose 34 = p + s. Suppose p + 36 = 2*f. List the prime factors of f.
2, 3, 5
Suppose 0 = -5*u + r - 33, 5*r + 23 + 8 = -3*u. List the prime factors of (u - 4)/((-2)/6).
3, 11
Let i = -29 + 31. Suppose i*o = 7*o - 245. List the prime factors of o.
7
List the prime factors of (132/(-12) + 37)*86.
2, 13, 43
Suppose 2*m + 3*w = w + 130, w - 305 = -5*m. Let a = m - 45. What are the prime factors of a?
3, 5
Let n be 3/(0 + 3/14). Suppose 5*h + 1701 = n*h. List the prime factors of h.
3, 7
Suppose 4*f - 2165 = z, -5*f = -4*f - z - 539. What are the prime factors of f?
2, 271
Suppose -3*f + 0*f = 45. Let x be 2 + (0/(-1))/(-4). List the prime factors of -4 - (-2 + x + f).
11
Let p be 1/(-4) + 211/(-4). Let d = -91 - -60. Let t = d - p. List the prime factors of t.
2, 11
Let m = -4983 + 7570. Let q be 3/(-2) - m/26. Let t = -64 - q. List the prime factors of t.
37
Suppose -8*f + 4*f + q + 4639 = 0, -2*f - 2*q + 2312 = 0. List the prime factors of f.
19, 61
Let u(f) = f - 7. Let m be u(4). What are the prime factors of (1 + 60)/((-3 - m) + 1)?
61
Let c = 9 - 17. Let b(u) be the third derivative of -u**4/3 - u**3 - 18*u**2. What are the prime factors of b(c)?
2, 29
Let o(n) = -n**3 + 5*n**2 - 5*n + 8. Let x be o(4). Suppose x*d = -2*z + 127 + 59, -2*z - 2*d + 194 = 0. List the prime factors of z.
101
Let m = 17 + -15. Suppose -m*h = h + 102. Let i = -30 - h. List the prime factors of i.
2
Suppose 0 = -0*i + 5*i + 85. Let x(s) = -s**3 - 18*s**2 - 18*s - 15. Let g be x(i). List the prime factors of 22/(7 + -3 - g).
11
Let z(m) be the first derivative of 2*m**3/3 + m**2/2 + m + 4. List the prime factors of z(5